late k(191).
201
Let o(y) = 4317*y + 12. Determine o(0).
12
Let p(t) = t**3 + 184*t**2 - 85*t - 15566. What is p(-184)?
74
Let v(j) = 21354*j - 1323897. Give v(62).
51
Let s(q) = 5463*q**2 + 38229*q - 177. Calculate s(-7).
-93
Let q(r) = -16*r**3 + 77*r**2 + 251*r - 41. What is q(7)?
1
Let r(n) = -2*n**3 - 6*n**2 - 18122*n - 72493. What is r(-4)?
27
Let i(v) = -2*v**3 - 117*v**2 + 62*v - 8. Determine i(-59).
-185
Let z(d) = -34141*d - 375359. Determine z(-11).
192
Let k(i) = -2*i**2 - 1093*i + 37100. Give k(32).
76
Let f(p) = 24*p**2 - 266*p + 208. Calculate f(8).
-384
Let o(n) = -912031*n + 7296291. What is o(8)?
43
Let k(t) = t**3 + 936*t**2 + 8245*t - 879. Determine k(-9).
3
Let s(a) = 1027*a - 6413. Give s(6).
-251
Let z(i) = 6*i**2 - 83*i + 559. What is z(14)?
573
Let r(g) = -32*g**2 + 6403*g - 90. Give r(200).
510
Let z(v) = 81*v - 1493. Determine z(22).
289
Let o(b) = 10*b**2 - 356*b - 1094. What is o(-3)?
64
Let z(c) = -84*c - 402. Determine z(-10).
438
Let v(s) = -9362*s + 121706. Determine v(13).
0
Let v(c) = -24*c**2 - 5*c + 73. What is v(-8)?
-1423
Let p(q) = -q**2 - 384*q + 154. Calculate p(0).
154
Let r(w) = 1254*w**2 - 2180*w - 3427. Determine r(-1).
7
Let x(r) = -837*r + 304660. Determine x(364).
-8
Let x(r) = 41*r - 10357. Calculate x(249).
-148
Let q(f) = 3438*f**2 + 20565*f - 392. Give q(-6).
-14
Let h(c) = 756*c - 735. Calculate h(2).
777
Let s(l) = -1514*l - 31691. Calculate s(-21).
103
Let o(l) = -9445*l + 9907789. Determine o(1049).
-16
Let w(y) = 2*y**3 + 197*y**2 - 265*y - 16455. Determine w(-99).
-21
Let a(g) = 3*g**2 - 815*g + 6366. Give a(8).
38
Let t(s) = -12*s**3 - 59*s**2 - 543*s + 605. Determine t(1).
-9
Let t(z) = -2*z**3 + 66*z**2 + 223*z - 2908. Determine t(35).
-3
Let a(j) = -13*j**2 - 3055*j - 21370. Calculate a(-7).
-622
Let u(j) = -j**2 - 265*j + 1431. Give u(-279).
-2475
Let j(f) = 780*f - 39. What is j(0)?
-39
Let m(x) = -15*x**2 - 1747*x - 921. Calculate m(-116).
-109
Let n(a) = 3*a**3 - a**2 - 363*a + 721. Determine n(10).
-9
Let z(s) = -2*s**3 - 380*s**2 - 2728*s - 594023. Determine z(-191).
-13
Let y(j) = 613*j + 40102. What is y(-64)?
870
Let c(y) = 4*y**3 - 383*y**2 - 479*y + 115. Give c(97).
697
Let h(o) = 2*o**3 - 402*o**2 - 257*o + 51701. Determine h(201).
44
Let r(i) = -i**3 - 18*i**2 - 158*i + 18. Give r(-12).
1050
Let l(r) = -r**3 + 202*r**2 + 219*r + 471. What is l(203)?
3719
Let u(n) = -n**3 + 9*n**2 - n - 1910. Give u(-10).
0
Let c(s) = -s**3 - 14*s**2 + 703*s + 9851. Give c(-14).
9
Let i(g) = -47*g**3 - 5*g**2 + 427*g + 1261. Give i(-3).
1204
Let m(b) = 887*b - 8886. Determine m(10).
-16
Let c(t) = 14*t**3 + 5*t**2 + 1353*t - 4116. Calculate c(3).
366
Let p(u) = -u**3 - 414*u**2 - 3239*u - 35. What is p(-8)?
-107
Let p(z) = -4*z**2 + 122*z + 468. What is p(33)?
138
Let j(x) = x**3 - 302*x**2 - 8527*x - 330. What is j(328)?
-2
Let g(d) = d**3 - 59*d**2 - 50*d + 5838. Determine g(58).
-426
Let x(s) = -s**3 - 10*s**2 - 77*s - 161. Calculate x(-5).
99
Let d(c) = -2*c**3 + 5*c**2 + 239*c + 1445. Give d(-6).
623
Let n(t) = -14694*t - 74131. Calculate n(-5).
-661
Let t(o) = -2*o**3 + 14*o**2 - 5*o - 23. Determine t(7).
-58
Let h(q) = -6*q**3 - 129*q**2 + 1531*q - 99. Give h(-30).
-129
Let m(s) = s**3 - 49*s**2 + 530*s + 1551. Determine m(28).
-73
Let k(y) = -75*y**3 - 1814*y**2 - 273*y + 1513. Calculate k(-24).
1
Let o(j) = j**3 - 28*j**2 + 270*j - 7369. Calculate o(28).
191
Let x(v) = 916*v + 7039. What is x(-9)?
-1205
Let u(d) = -d**3 - 209*d**2 - 226*d - 1913. Calculate u(-208).
1831
Let t(y) = -2*y**2 - 2601*y + 93496. What is t(35)?
11
Let a(w) = 2*w**2 - 178*w + 3529. Calculate a(32).
-119
Let w(b) = -6*b**2 - 690*b + 776. Determine w(-116).
80
Let v(j) = -2*j**3 - j**2 - 985*j + 5935. Calculate v(6).
-443
Let h(w) = 47*w**2 - 473*w + 3730. Determine h(8).
2954
Let v(w) = 16869*w + 24999859. Give v(-1482).
1
Let z(b) = -2615*b + 235587. Calculate z(90).
237
Let b(h) = -3*h**3 + 158*h**2 - 93*h - 145. What is b(52)?
427
Let j(f) = 9599*f + 1238282. What is j(-129)?
11
Let a(n) = 1465941*n + 10261581. What is a(-7)?
-6
Let u(m) = m**3 + 5*m**2 - 208*m - 1383. Give u(-7).
-25
Let c(h) = -h**3 + 20*h**2 - 160*h + 88. Calculate c(6).
-368
Let v(d) = 2*d**3 - 2505*d**2 - 15373*d - 1623. What is v(-6)?
3
Let s(j) = j**2 + 3507*j + 107796. Determine s(-31).
40
Let q(p) = 514*p + 11804. What is q(-23)?
-18
Let v(r) = -r**2 + 97*r + 4373. Give v(-33).
83
Let g(t) = t**3 - 12*t**2 - 29*t + 1. Determine g(16).
561
Let w(f) = 4791*f - 886327. Give w(185).
8
Let r(x) = 42016*x + 294108. Give r(-7).
-4
Let y(n) = 64*n - 838. What is y(15)?
122
Let i(m) = -2*m**3 - 18*m**2 - 214*m - 877. Give i(-5).
-7
Let g(f) = f**3 + 76*f**2 + 1267*f + 3808. Give g(-54).
-458
Let j(c) = -44*c**2 - 371*c + 4416. Determine j(-15).
81
Let t(g) = 6*g**3 + 84*g**2 + 85*g - 1. Determine t(-1).
-8
Let f(g) = 262*g + 976. Calculate f(8).
3072
Let a(c) = 2016*c + 40320. Calculate a(-20).
0
Let o(b) = 2332*b - 15078. What is o(7)?
1246
Let q(z) = 136*z**2 + 2586*z + 133. Determine q(-19).
95
Let z(s) = -s**3 + 160*s**2 + 322*s + 675. Determine z(162).
351
Let d(y) = -43*y**2 - 566*y - 70. What is d(-13)?
21
Let h(b) = -40*b - 2682. What is h(-38)?
-1162
Let k(x) = -2*x**3 + 18*x**2 - 31*x - 397. Determine k(-7).
1388
Let u(q) = -201*q - 4554. What is u(-23)?
69
Let j(z) = 309340*z + 3712073. What is j(-12)?
-7
Let o(f) = 2556*f - 1139987. What is o(446)?
-11
Let r(z) = 18*z**2 + 2589*z - 2595. Determine r(1).
12
Let u(z) = -36329*z + 545001. Calculate u(15).
66
Let c(a) = -18707*a - 1477802. What is c(-79)?
51
Let c(l) = 6419845*l - 51358757. What is c(8)?
3
Let p(m) = 47*m**3 + m**2 - 19*m + 151. What is p(4)?
3099
Let w(p) = -2*p**3 + 22*p**2 + 226*p - 2150. What is w(10)?
310
Let w(d) = d**3 - 46*d**2 + 12*d + 253. Determine w(46).
805
Let x(k) = 5*k**2 - 42643*k - 127941. Determine x(-3).
33
Let b(u) = -70*u**2 + 9799*u + 159. Determine b(140).
19
Let d(o) = 490*o**2 + 2830*o - 575. Give d(-6).
85
Let h(p) = -2*p**3 + 22*p**2 - 56*p + 1159. Calculate h(14).
-801
Let k(z) = 3824*z - 22889. What is k(6)?
55
Let h(n) = 269*n + 11233. Determine h(-42).
-65
Let m(l) = -3*l**3 - 908*l**2 - 713*l - 32906. What is m(-302)?
12
Let s(z) = z**3 - 252*z**2 - 16158*z + 371. Determine s(-53).
0
Let r(a) = -16042*a - 144282. Give r(-9).
96
Let c(n) = 174*n**2 - 1622*n + 3758. Calculate c(5).
-2
Let g(n) = -653*n**3 + 4*n**2 - 47*n - 47. Calculate g(-1).
657
Let y(z) = -z**3 - 215*z**2 - 9203*z + 132. Determine y(-59).
73
Let n(i) = 195*i**3 - 8*i**2 - 12*i - 3. Give n(-1).
-194
Let h(k) = 3*k**2 + 160*k - 7779. Calculate h(31).
64
Let y(q) = q**2 + 32*q - 14595. Calculate y(-137).
-210
Let y(n) = -135036*n - 8642310. Give y(-64).
-6
Let r(y) = -2*y**3 + 59*y**2 + 140*y - 60. Determine r(32).
-700
Let m(v) = 306*v**2 - 6115*v - 103. Calculate m(20).
-3
Let b(k) = -6*k**2 + 544*k + 1011. Give b(92).
275
Let z(s) = 817*s**2 + 23694*s - 28. Determine z(-29).
-57
Let u(j) = 2166*j + 17058. Calculate u(-8).
-270
Let o(d) = -2*d**2 + 1102*d - 108240. Calculate o(128).
48
Let v(c) = 204*c + 2898. Determine v(-18).
-774
Let u(s) = s**3 + 16*s**2 - 24*s - 342. What is u(-9)?
441
Let k(h) = h**2 - 178*h + 6771. Give k(151).
2694
Let r(v) = -v**3 + v**2 + 590*v - 263. Give r(-24).
-23
Let w(p) = 145*p + 2960. Determine w(-20).
60
Let p(q) = q**3 - 53*q**2 + 470*q - 15. Determine p(42).
321
Let s(x) = 51530*x - 9. Calculate s(0).
-9
Let m(i) = -48533*i - 242656. Calculate m(-5).
9
Let x(z) = -2*z**3 + 225*z**2 - 313*z - 2199. What is x(111)?
21
Let j(q) = 6*q**2 - 292*q - 108. Calculate j(49).
-10
Let c(q) = -3087*q - 1707103. Calculate c(-553).
8
Let u(f) = 778*f + 6941. Calculate u(-8).
717
Let q(r) = 19*r**2 - 855*r - 9412. Determine q(-11).
2292
Let c(v) = -v**2 + 361*v - 26983. Determine c(256).
-103
Let a(p) = -37*p**2 - 18807*p - 166266. Calculate a(-9).
0
Let k(l) = -63*l**3 + 29*l**2 + 31*l + 70. Determine k(-4).
4442
Let c(v) = -263*v - 54494. Calculate c(-207).
-53
Let f(r) = r**2 + 7873*r - 15740. Give f(2).
10
Let q(y) = -y**3 + 217*y**2 - 45*y + 57303. What is q(218)?
-31
Let p(i) = -210229*i - 19551292. Determine p(-93).
5
Let q(l) = -7*l**2 + 14416*l - 1047541. Calculate q(1984).
11
Let a(j) = j**3 + 98*j**2 + 1788*j - 225. Calcul